0?
0
What is the hundred thousands digit of 147369?
1
What is the tens digit of 20936534?
3
What is the ten thousands digit of 1345715?
4
What is the ten millions digit of 13606114?
1
What is the units digit of 489182?
2
What is the tens digit of 1030868?
6
What is the ten thousands digit of 3526337?
2
What is the hundreds digit of 281006?
0
What is the hundred thousands digit of 8417841?
4
What is the tens digit of 2155869?
6
What is the ten thousands digit of 7642883?
4
What is the hundred thousands digit of 674109?
6
What is the tens digit of 189594?
9
What is the units digit of 7337506?
6
What is the millions digit of 1457905?
1
What is the ten thousands digit of 1626716?
2
What is the hundreds digit of 9788226?
2
What is the thousands digit of 94670?
4
What is the units digit of 105512?
2
What is the thousands digit of 371719?
1
What is the millions digit of 24894856?
4
What is the tens digit of 5797636?
3
What is the units digit of 353099?
9
What is the hundreds digit of 195196?
1
What is the millions digit of 7175849?
7
What is the ten thousands digit of 6976377?
7
What is the thousands digit of 219174?
9
What is the ten thousands digit of 494905?
9
What is the units digit of 708348?
8
What is the hundreds digit of 913994?
9
What is the millions digit of 9173609?
9
What is the millions digit of 1199205?
1
What is the tens digit of 209365?
6
What is the millions digit of 10423663?
0
What is the tens digit of 880848?
4
What is the hundreds digit of 240338?
3
What is the hundreds digit of 14755169?
1
What is the millions digit of 1237608?
1
What is the hundreds digit of 2092900?
9
What is the hundred thousands digit of 3080686?
0
What is the millions digit of 41542465?
1
What is the hundreds digit of 30690?
6
What is the tens digit of 16682820?
2
What is the millions digit of 2050768?
2
What is the hundreds digit of 1175500?
5
What is the ten thousands digit of 3312973?
1
What is the hundred thousands digit of 5290523?
2
What is the hundred thousands digit of 23637856?
6
What is the ten thousands digit of 241194?
4
What is the hundreds digit of 4158047?
0
What is the hundred thousands digit of 4258934?
2
What is the units digit of 98228?
8
What is the tens digit of 17542046?
4
What is the tens digit of 32960355?
5
What is the units digit of 2816577?
7
What is the ten thousands digit of 37236?
3
What is the thousands digit of 14593172?
3
What is the millions digit of 1614363?
1
What is the ten thousands digit of 1608781?
0
What is the thousands digit of 1566300?
6
What is the ten thousands digit of 19247361?
4
What is the ten thousands digit of 218205?
1
What is the hundreds digit of 79905?
9
What is the hundred thousands digit of 503395?
5
What is the ten thousands digit of 227937?
2
What is the hundred thousands digit of 2040672?
0
What is the hundreds digit of 559158?
1
What is the millions digit of 1264215?
1
What is the hundreds digit of 4805740?
7
What is the hundred thousands digit of 3666842?
6
What is the units digit of 9865?
5
What is the tens digit of 9705224?
2
What is the millions digit of 2364088?
2
What is the ten thousands digit of 3946860?
4
What is the hundred thousands digit of 2339923?
3
What is the hundred thousands digit of 4591794?
5
What is the hundreds digit of 3948644?
6
What is the hundreds digit of 15283952?
9
What is the tens digit of 5823?
2
What is the hundred thousands digit of 150832?
1
What is the hundred thousands digit of 26848924?
8
What is the tens digit of 179111?
1
What is the ten millions digit of 25158586?
2
What is the thousands digit of 12332691?
2
What is the tens digit of 675837?
3
What is the thousands digit of 210917?
0
What is the hundreds digit of 401352?
3
What is the thousands digit of 282930?
2
What is the hundred thousands digit of 1220487?
2
What is the hundred thousands digit of 2587584?
5
What is the tens digit of 7662759?
5
What is the hundreds digit of 8451243?
2
What is the units digit of 2955076?
6
What is the units digit of 186368?
8
What is the thousands digit of 6476885?
6
What is the units digit of 572003?
3
What is the hundreds digit of 30932393?
3
What is the hundreds digit of 4137583?
5
What is the hundred thousands digit of 360054?
3
What is the ten thousands digit of 3347844?
4
What is the hundred thousands digit of 14197929?
1
What is the ten thousands digit of 513790?
1
What is the millions digit of 1040833?
1
What is the ten thousands digit of 664359?
6
What is the tens digit of 1710746?
4
What is the millions digit of 2556167?
2
What is the tens digit of 579?
7
What is the ten thousands digit of 1208130?
0
What is the millions digit of 13144618?
3
What is the ten thousands digit of 2495281?
9
What is the hundreds digit of 1245648?
6
What is the ten thousands digit of 124845?
2
What is the units digit of 274500?
0
What is the thousands digit of 1928141?
8
What is the hundred thousands digit of 2907809?
9
What is the units digit of 269713?
3
What is the ten thousands digit of 716518?
1
What is the hundred thousands digit of 260511?
2
What is the ten thousands digit of 812088?
1
What is the ten thousands digit of 113056?
1
What is the ten millions digit of 10665005?
1
What is the hundreds digit of 227978?
9
What is the hundreds digit of 14920?
9
What is the thousands digit of 3362555?
2
What is the hundreds digit of 1042241?
2
What is the units digit of 239599?
9
What is the units digit of 275978?
8
What is the ten thousands digit of 435964?
3
What is the thousands digit of 93423?
3
What is the ten thousands digit of 3206425?
0
What is the hundreds digit of 799177?
1
What is the ten thousands digit of 386969?
8
What is the units digit of 39577?
7
What is the tens digit of 508416?
1
What is the ten thousands digit of 4250036?
5
What is the ten thousands digit of 136774?
3
What is the hundreds digit of 1553411?
4
What is the units digit of 19903697?
7
What is the tens digit of 2645101?
0
What is the tens digit of 380313?
1
What is the ten thousands digit of 758884?
5
What is the thousands digit of 53955?
3
What is the tens digit of 101862?
6
What is the millions digit of 6379587?
6
What is the hundred thousands digit of 274048?
2
What is the thousands digit of 124551?
4
What is the thousands digit of 7726989?
6
What is the thousands digit of 146588?
6
What is the tens digit of 1805277?
7
What is the millions digit of 11746123?
1
What is the units digit of 12895?
5
What is the ten thousands digit of 429088?
2
What is the hundred thousands digit of 756970?
7
What is the units digit of 183474?
4
What is the tens digit of 5254558?
5
What is the ten thousands digit of 322922?
2
What is the hundreds digit of 327014?
0
What is the units digit of 312157?
7
What is the millions digit of 7439496?
7
What is the millions digit of 16630524?
6
What is the millions digit of 1130311?
1
What is the millions digit of 8385331?
8
What is the tens digit of 1717315?
1
What is the units digit of 281155?
5
What is the ten thousands digit of 372841?
7
What is the hundred thousands digit of 243594?
2
What is the hundreds digit of 22772168?
1
What is the hundred thousands digit of 2961056?
9
What is the ten thousands digit of 514004?
1
What is the units digit of 124242?
2
What is the thousands digit of 3611998?
1
What is the thousands digit of 45997?
5
What is the hundred thousands digit of 1138504?
1
What is the thousands digit of 154069?
4
What is the hundred thousands digit of 1372309?
3
What is the tens digit of 1494270?
7
What is the tens digit of 15544816?
1
What is the thousands digit of 1946421?
6
What is the thousands digit of 3681761?
1
What is the units digit of 671665?
5
What is the thousands digit of 6620525?
0
What is the tens digit of 16370172?
7
What is the ten thousands digit of 320692?
2
What is the tens digit of 960484?
8
What is the tens digit of 1445752?
5
What is the thousands digit of 4328852?
8
What is the millions digit of 24316444?
4
What is the hundred thousands digit of 1567068?
5
What is the thousands digit of 23800967?
0
What is the units digit of 1531627?
7
What is the thousands digit of 937834?
7
What is the thousands digit of 6471677?
1
What is the ten thousands digit of 5386216?
8
What is the thousands digit of 72565?
2
What is the units digit of 1543602?
2
Wha